{"id":67,"date":"2011-01-18T21:30:54","date_gmt":"2011-01-18T21:30:54","guid":{"rendered":"http:\/\/fa000261.host.inode.at\/?page_id=67"},"modified":"2015-02-27T13:11:24","modified_gmt":"2015-02-27T13:11:24","slug":"effectuation","status":"publish","type":"page","link":"http:\/\/www.faschingbauer.at\/?page_id=67","title":{"rendered":"effectuation"},"content":{"rendered":"<p>unsere leidenschaft und kernkompetenz: unternehmerische expertise (effectuation). seit 2006 arbeiten wir daran, neue wege unternehmerischen denkens und handelns im deutschen sprachraum als methode zu etablieren und f\u00fcr praktiker unterschiedlicher handlungsfelder nutzbar zu machen. auch in unseren projekten arbeiten wir auf der basis von effectuation.<!--more--><\/p>\n<p>effectuation basiert auf aktueller, bahnbrechender forschung zu unternehmerischem denken und handeln. ein wissenschaftlicher ansatz mit hohem praktischem nutzen: eine methode, um eine nicht vorhersehbare zukunft aktiv zu gestalten und eigene vorhaben unternehmerisch in die tat umzusetzen. <a title=\"\u00fcber effectuation\" href=\"http:\/\/www.effectuation.at\/ueber-effectuation\/\" target=\"_blank\">mehr \u00fcber effectuation<\/a><\/p>\n<p>das fachbuch f\u00fcr praktiker <a href=\"http:\/\/fa000261.host.inode.at\/?page_id=129\" target=\"_self\">Effectuation: Wie erfolgreiche unternehmer denken, entscheiden und handeln<\/a>\u00a0von michael faschingbauer wurde zum &#8222;managementbuch des jahres&#8220; gew\u00e4hlt und landete unter den besten f\u00fcnf tiltel des GetAbstract International Book Award 2010. k\u00fcrzlich erschien die 2. \u00fcberarbeitete und erweiterte auflage.<\/p>\n<p>unter <a href=\"http:\/\/www.effectuation.at\">www.effectuation.at<\/a> (.de, .ch) betreiben wir die deutschsprachige informations- und austausch-plattform f\u00fcr effectuation. diese wurde 2007 von michael faschingbauer, dietmar grichnik und ren\u00e9 mauer unter der schirmherrschaft der effectuation-begr\u00fcnderin saras d. sarasvathy ins leben gerufen.<\/p>\n<p><a href=\"http:\/\/www.effectuation.at\">www.effectuation.at<\/a> ist auch das offizielles \u201eport\u201c der <a title=\"SEA home\" href=\"http:\/\/www.effectuation.org\" target=\"_blank\">Society for Effectual Action (SEA)<\/a> f\u00fcr den deutschen sprachraum. SEA widmet sich der erforschung, verbreitung und lehre von effectuation als unternehmerischer methode auf globaler ebene.<\/p>\n<p>f\u00fcr gr\u00f6\u00dfere unternehmen und organisationen, die effectuation in ihrem kontext nutzbar machen wollen, haben wir 2010 <a title=\"EI home\" href=\"http:\/\/www.effectuation-intelligence.biz\" target=\"_blank\">Effectuation Intelligence<\/a>\u00a0initiiert und mitbegr\u00fcndet. <a title=\"EI home\" href=\"http:\/\/www.effectuation-intelligence.biz\" target=\"_blank\">Effectuation Intelligence<\/a> ist ein internationales berater- und wissens-netzwerk mit schwerpunkt auf dienstleistungen zum management von ungewissheit.<\/p>\n","protected":false},"excerpt":{"rendered":"<p>unsere leidenschaft und kernkompetenz: unternehmerische expertise (effectuation). seit 2006 arbeiten wir daran, neue wege unternehmerischen denkens und handelns im deutschen sprachraum als methode zu etablieren und f\u00fcr praktiker unterschiedlicher handlungsfelder nutzbar zu machen. auch in unseren projekten arbeiten wir auf der basis von effectuation.<\/p>\n","protected":false},"author":1,"featured_media":70,"parent":0,"menu_order":0,"comment_status":"open","ping_status":"open","template":"","meta":{"_et_pb_use_builder":"","_et_pb_old_content":"","_et_gb_content_width":"","_monsterinsights_skip_tracking":false,"_monsterinsights_sitenote_active":false,"_monsterinsights_sitenote_note":"","_monsterinsights_sitenote_category":0,"footnotes":""},"class_list":["post-67","page","type-page","status-publish","has-post-thumbnail","hentry"],"_links":{"self":[{"href":"http:\/\/www.faschingbauer.at\/index.php?rest_route=\/wp\/v2\/pages\/67","targetHints":{"allow":["GET"]}}],"collection":[{"href":"http:\/\/www.faschingbauer.at\/index.php?rest_route=\/wp\/v2\/pages"}],"about":[{"href":"http:\/\/www.faschingbauer.at\/index.php?rest_route=\/wp\/v2\/types\/page"}],"author":[{"embeddable":true,"href":"http:\/\/www.faschingbauer.at\/index.php?rest_route=\/wp\/v2\/users\/1"}],"replies":[{"embeddable":true,"href":"http:\/\/www.faschingbauer.at\/index.php?rest_route=%2Fwp%2Fv2%2Fcomments&post=67"}],"version-history":[{"count":19,"href":"http:\/\/www.faschingbauer.at\/index.php?rest_route=\/wp\/v2\/pages\/67\/revisions"}],"predecessor-version":[{"id":616,"href":"http:\/\/www.faschingbauer.at\/index.php?rest_route=\/wp\/v2\/pages\/67\/revisions\/616"}],"wp:featuredmedia":[{"embeddable":true,"href":"http:\/\/www.faschingbauer.at\/index.php?rest_route=\/wp\/v2\/media\/70"}],"wp:attachment":[{"href":"http:\/\/www.faschingbauer.at\/index.php?rest_route=%2Fwp%2Fv2%2Fmedia&parent=67"}],"curies":[{"name":"wp","href":"https:\/\/api.w.org\/{rel}","templated":true}]}}